{"id":169,"date":"2021-03-03T07:50:11","date_gmt":"2021-03-03T07:50:11","guid":{"rendered":"https:\/\/mmcbiotech.eu\/arthrodesmol\/?page_id=169"},"modified":"2021-04-12T11:19:55","modified_gmt":"2021-04-12T11:19:55","slug":"estudios","status":"publish","type":"page","link":"https:\/\/mmcbiotech.eu\/arthrodesmol\/estudios\/","title":{"rendered":"Estudios"},"content":{"rendered":"<p>[et_pb_section fb_built=\u00bb1&#8243; fullwidth=\u00bbon\u00bb disabled_on=\u00bbon|off|off\u00bb _builder_version=\u00bb4.6.6&#8243; _module_preset=\u00bbdefault\u00bb custom_css_main_element=\u00bbbackground: rgb(46,76,89);||background: linear-gradient(0deg, rgba(46,76,89,1) 0%, rgba(30,39,47,1) 51%, rgba(46,76,89,1) 100%);\u00bb][et_pb_fullwidth_image src=\u00bbhttps:\/\/mmcbiotech.eu\/arthrodesmol\/wp-content\/uploads\/2021\/03\/tit-2-1.png\u00bb title_text=\u00bbtit-2&#8243; _builder_version=\u00bb4.6.6&#8243; _module_preset=\u00bbdefault\u00bb][\/et_pb_fullwidth_image][\/et_pb_section][et_pb_section fb_built=\u00bb1&#8243; admin_label=\u00bbsection\u00bb _builder_version=\u00bb4.6.6&#8243; custom_margin=\u00bb0px||||false|false\u00bb custom_padding=\u00bb0px||||false|false\u00bb][et_pb_row admin_label=\u00bbrow\u00bb _builder_version=\u00bb4.6.6&#8243; background_size=\u00bbinitial\u00bb background_position=\u00bbtop_left\u00bb background_repeat=\u00bbrepeat\u00bb custom_margin=\u00bb0px||||false|false\u00bb custom_padding=\u00bb0px||||false|false\u00bb][et_pb_column type=\u00bb4_4&#8243; _builder_version=\u00bb3.25&#8243; custom_padding=\u00bb|||\u00bb custom_padding__hover=\u00bb|||\u00bb][et_pb_text _builder_version=\u00bb4.6.6&#8243; _module_preset=\u00bbdefault\u00bb header_text_color=\u00bb#182b33&#8243;]<\/p>\n<div class=\"mb-3 container d-flex h-100 align-items-center\">\n<div class=\"mx-auto text-center\">\n<h1 class=\"mx-auto mt-2 mb-4 title-h2\" style=\"text-align: center;\"><em><strong>Estudio in-vitro<\/strong><\/em><\/h1>\n<\/div>\n<\/div>\n<p>[\/et_pb_text][\/et_pb_column][\/et_pb_row][et_pb_row column_structure=\u00bb1_2,1_2&#8243; make_equal=\u00bbon\u00bb _builder_version=\u00bb4.6.6&#8243; _module_preset=\u00bbdefault\u00bb custom_padding=\u00bb||0px||false|false\u00bb][et_pb_column type=\u00bb1_2&#8243; _builder_version=\u00bb4.6.6&#8243; _module_preset=\u00bbdefault\u00bb][et_pb_text _builder_version=\u00bb4.6.6&#8243; _module_preset=\u00bbdefault\u00bb text_font_size=\u00bb22px\u00bb text_line_height=\u00bb1.6em\u00bb background_color=\u00bb#006cb6&#8243; text_orientation=\u00bbcenter\u00bb background_layout=\u00bbdark\u00bb custom_padding=\u00bb20px|20px|20px|20px|false|false\u00bb]<\/p>\n<p id=\"tw-target-text\" class=\"tw-data-text tw-text-large XcVN5d tw-ta\" dir=\"ltr\" data-placeholder=\"Traducci\u00f3n\">Expresi\u00f3n G\u00e9nica de Citocinas Proinflamatorias de <strong>Arthrodesmol<\/strong> complex<\/p>\n<p>[\/et_pb_text][et_pb_image src=\u00bbhttps:\/\/mmcbiotech.eu\/arthrodesmol\/wp-content\/uploads\/2021\/03\/tabla1-esp-2.png\u00bb title_text=\u00bbtabla1-esp\u00bb _builder_version=\u00bb4.6.6&#8243; _module_preset=\u00bbdefault\u00bb][\/et_pb_image][et_pb_text _builder_version=\u00bb4.6.6&#8243; _module_preset=\u00bbdefault\u00bb text_font_size=\u00bb22px\u00bb text_line_height=\u00bb1.6em\u00bb background_color=\u00bb#006cb6&#8243; text_orientation=\u00bbcenter\u00bb background_layout=\u00bbdark\u00bb custom_padding=\u00bb20px|20px|20px|20px|false|false\u00bb]<\/p>\n<p id=\"tw-target-text\" class=\"tw-data-text tw-text-large XcVN5d tw-ta\" dir=\"ltr\" data-placeholder=\"Traducci\u00f3n\">Inhibici\u00f3n de la diferenciaci\u00f3n de Osteoclastos por <strong>Arthrodesmol<\/strong> complex<\/p>\n<p>[\/et_pb_text][et_pb_image src=\u00bbhttps:\/\/mmcbiotech.eu\/arthrodesmol\/wp-content\/uploads\/2021\/03\/tabla3-esp-2.png\u00bb title_text=\u00bbtabla3-esp\u00bb _builder_version=\u00bb4.6.6&#8243; _module_preset=\u00bbdefault\u00bb][\/et_pb_image][\/et_pb_column][et_pb_column type=\u00bb1_2&#8243; _builder_version=\u00bb4.6.6&#8243; _module_preset=\u00bbdefault\u00bb][et_pb_text _builder_version=\u00bb4.6.6&#8243; _module_preset=\u00bbdefault\u00bb text_font_size=\u00bb22px\u00bb text_line_height=\u00bb1.6em\u00bb background_color=\u00bb#006cb6&#8243; text_orientation=\u00bbcenter\u00bb background_layout=\u00bbdark\u00bb custom_padding=\u00bb38px|20px|37px|20px|false|false\u00bb]<\/p>\n<p class=\"bg-arth text-white mb-0 p-2\">Inhibici\u00f3n de Citocinas Proinflamatorias<\/p>\n<p>[\/et_pb_text][et_pb_image src=\u00bbhttps:\/\/mmcbiotech.eu\/arthrodesmol\/wp-content\/uploads\/2021\/03\/tabla2-esp-2.png\u00bb title_text=\u00bbtabla2-esp\u00bb _builder_version=\u00bb4.6.6&#8243; _module_preset=\u00bbdefault\u00bb][\/et_pb_image][et_pb_text _builder_version=\u00bb4.6.6&#8243; _module_preset=\u00bbdefault\u00bb text_font_size=\u00bb22px\u00bb text_line_height=\u00bb1.6em\u00bb background_color=\u00bb#006cb6&#8243; text_orientation=\u00bbcenter\u00bb background_layout=\u00bbdark\u00bb custom_padding=\u00bb20px|20px|20px|20px|false|false\u00bb]<\/p>\n<p class=\"bg-arth text-white mb-0 p-2\">An\u00e1lisis de diferenciaci\u00f3n de Osteoblastos por Tinci\u00f3n Alcalina de Fosfatasa<\/p>\n<p>[\/et_pb_text][et_pb_image src=\u00bbhttps:\/\/mmcbiotech.eu\/arthrodesmol\/wp-content\/uploads\/2021\/03\/tabla4-esp-2.png\u00bb title_text=\u00bbtabla4-esp\u00bb _builder_version=\u00bb4.6.6&#8243; _module_preset=\u00bbdefault\u00bb][\/et_pb_image][\/et_pb_column][\/et_pb_row][\/et_pb_section][et_pb_section fb_built=\u00bb1&#8243; _builder_version=\u00bb4.6.6&#8243; _module_preset=\u00bbdefault\u00bb custom_margin=\u00bb0px||||false|false\u00bb custom_padding=\u00bb0px||||false|false\u00bb][et_pb_row _builder_version=\u00bb4.6.6&#8243; _module_preset=\u00bbdefault\u00bb][et_pb_column type=\u00bb4_4&#8243; _builder_version=\u00bb4.6.6&#8243; _module_preset=\u00bbdefault\u00bb][et_pb_image src=\u00bbhttps:\/\/mmcbiotech.eu\/arthrodesmol\/wp-content\/uploads\/2021\/03\/linea.png\u00bb title_text=\u00bblinea\u00bb _builder_version=\u00bb4.6.6&#8243; _module_preset=\u00bbdefault\u00bb][\/et_pb_image][\/et_pb_column][\/et_pb_row][et_pb_row admin_label=\u00bbrow\u00bb _builder_version=\u00bb3.25&#8243; background_size=\u00bbinitial\u00bb background_position=\u00bbtop_left\u00bb background_repeat=\u00bbrepeat\u00bb][et_pb_column type=\u00bb4_4&#8243; _builder_version=\u00bb3.25&#8243; custom_padding=\u00bb|||\u00bb custom_padding__hover=\u00bb|||\u00bb][et_pb_text _builder_version=\u00bb4.6.6&#8243; _module_preset=\u00bbdefault\u00bb text_text_color=\u00bb#182b33&#8243; header_text_color=\u00bb#182b33&#8243; header_3_font_size=\u00bb25px\u00bb header_3_line_height=\u00bb1.1em\u00bb hover_enabled=\u00bb0&#8243; sticky_enabled=\u00bb0&#8243;]<\/p>\n<div class=\"mb-3 container d-flex h-100 align-items-center\">\n<div class=\"mx-auto text-center\">\n<h1 class=\"mx-auto mt-2 mb-4 title-h2\" style=\"text-align: center;\"><em><strong>Estudio cl\u00ednico<\/strong><\/em><\/h1>\n<p>&nbsp;<\/p>\n<h3 style=\"text-align: center;\">Comparaci\u00f3n de los resultados a corto plazo del p\u00e9ptido intraarticular monodosis con \u00e1cido hialur\u00f3nico e inyecciones de plasma rico en plaquetas en la osteoartritis de rodilla: un estudio randomizado.<\/h3>\n<p style=\"text-align: center;\"><a href=\"https:\/\/mmcbiotech.eu\/arthrodesmol\/originalarticle_es.pdf\" target=\"_blank\" rel=\"noopener\"><span style=\"color: #3366ff;\">(Para m\u00e1s informaci\u00f3n por favor haga click aqu\u00ed)<\/span><\/a><\/p>\n<p style=\"text-align: center;\">Estudio cl\u00ednico de la velocidad de marcha antes y despu\u00e9s de la inyecci\u00f3n de <strong>Arthrodesmol<\/strong><\/p>\n<\/div>\n<\/div>\n<p>[\/et_pb_text][\/et_pb_column][\/et_pb_row][et_pb_row column_structure=\u00bb1_2,1_2&#8243; _builder_version=\u00bb4.6.6&#8243; _module_preset=\u00bbdefault\u00bb][et_pb_column type=\u00bb1_2&#8243; _builder_version=\u00bb4.6.6&#8243; _module_preset=\u00bbdefault\u00bb][et_pb_image src=\u00bbhttps:\/\/mmcbiotech.eu\/arthrodesmol\/wp-content\/uploads\/2021\/03\/grafica1_esp-2.png\u00bb title_text=\u00bbgrafica1_esp\u00bb _builder_version=\u00bb4.6.6&#8243; _module_preset=\u00bbdefault\u00bb][\/et_pb_image][et_pb_image src=\u00bbhttps:\/\/mmcbiotech.eu\/arthrodesmol\/wp-content\/uploads\/2021\/03\/grafica3_esp-2.png\u00bb title_text=\u00bbgrafica3_esp\u00bb _builder_version=\u00bb4.6.6&#8243; _module_preset=\u00bbdefault\u00bb][\/et_pb_image][\/et_pb_column][et_pb_column type=\u00bb1_2&#8243; _builder_version=\u00bb4.6.6&#8243; _module_preset=\u00bbdefault\u00bb][et_pb_image src=\u00bbhttps:\/\/mmcbiotech.eu\/arthrodesmol\/wp-content\/uploads\/2021\/03\/grafica2_esp-2.png\u00bb title_text=\u00bbgrafica2_esp\u00bb admin_label=\u00bbImagen\u00bb _builder_version=\u00bb4.6.6&#8243; _module_preset=\u00bbdefault\u00bb][\/et_pb_image][et_pb_image src=\u00bbhttps:\/\/mmcbiotech.eu\/arthrodesmol\/wp-content\/uploads\/2021\/03\/grafica4_esp-2.png\u00bb title_text=\u00bbgrafica4_esp\u00bb admin_label=\u00bbImagen\u00bb _builder_version=\u00bb4.6.6&#8243; _module_preset=\u00bbdefault\u00bb][\/et_pb_image][\/et_pb_column][\/et_pb_row][\/et_pb_section]<\/p>\n","protected":false},"excerpt":{"rendered":"<p>[et_pb_section fb_built=\u00bb1&#8243; fullwidth=\u00bbon\u00bb disabled_on=\u00bbon|off|off\u00bb _builder_version=\u00bb4.6.6&#8243; _module_preset=\u00bbdefault\u00bb custom_css_main_element=\u00bbbackground: rgb(46,76,89);||background: linear-gradient(0deg, rgba(46,76,89,1) 0%, rgba(30,39,47,1) 51%, rgba(46,76,89,1) 100%);\u00bb][et_pb_fullwidth_image src=\u00bbhttps:\/\/mmcbiotech.eu\/arthrodesmol\/wp-content\/uploads\/2021\/03\/tit-2-1.png\u00bb title_text=\u00bbtit-2&#8243; _builder_version=\u00bb4.6.6&#8243; _module_preset=\u00bbdefault\u00bb][\/et_pb_fullwidth_image][\/et_pb_section][et_pb_section fb_built=\u00bb1&#8243; admin_label=\u00bbsection\u00bb _builder_version=\u00bb4.6.6&#8243; custom_margin=\u00bb0px||||false|false\u00bb custom_padding=\u00bb0px||||false|false\u00bb][et_pb_row admin_label=\u00bbrow\u00bb _builder_version=\u00bb4.6.6&#8243; background_size=\u00bbinitial\u00bb background_position=\u00bbtop_left\u00bb background_repeat=\u00bbrepeat\u00bb custom_margin=\u00bb0px||||false|false\u00bb custom_padding=\u00bb0px||||false|false\u00bb][et_pb_column type=\u00bb4_4&#8243; _builder_version=\u00bb3.25&#8243; custom_padding=\u00bb|||\u00bb custom_padding__hover=\u00bb|||\u00bb][et_pb_text _builder_version=\u00bb4.6.6&#8243; _module_preset=\u00bbdefault\u00bb header_text_color=\u00bb#182b33&#8243;] Estudio in-vitro [\/et_pb_text][\/et_pb_column][\/et_pb_row][et_pb_row column_structure=\u00bb1_2,1_2&#8243; make_equal=\u00bbon\u00bb _builder_version=\u00bb4.6.6&#8243; _module_preset=\u00bbdefault\u00bb custom_padding=\u00bb||0px||false|false\u00bb][et_pb_column type=\u00bb1_2&#8243; _builder_version=\u00bb4.6.6&#8243; _module_preset=\u00bbdefault\u00bb][et_pb_text _builder_version=\u00bb4.6.6&#8243; _module_preset=\u00bbdefault\u00bb text_font_size=\u00bb22px\u00bb text_line_height=\u00bb1.6em\u00bb background_color=\u00bb#006cb6&#8243; text_orientation=\u00bbcenter\u00bb [&hellip;]<\/p>\n","protected":false},"author":1,"featured_media":0,"parent":0,"menu_order":5,"comment_status":"closed","ping_status":"closed","template":"","meta":{"_et_pb_use_builder":"on","_et_pb_old_content":"","_et_gb_content_width":"","footnotes":""},"class_list":["post-169","page","type-page","status-publish","hentry"],"_links":{"self":[{"href":"https:\/\/mmcbiotech.eu\/arthrodesmol\/wp-json\/wp\/v2\/pages\/169","targetHints":{"allow":["GET"]}}],"collection":[{"href":"https:\/\/mmcbiotech.eu\/arthrodesmol\/wp-json\/wp\/v2\/pages"}],"about":[{"href":"https:\/\/mmcbiotech.eu\/arthrodesmol\/wp-json\/wp\/v2\/types\/page"}],"author":[{"embeddable":true,"href":"https:\/\/mmcbiotech.eu\/arthrodesmol\/wp-json\/wp\/v2\/users\/1"}],"replies":[{"embeddable":true,"href":"https:\/\/mmcbiotech.eu\/arthrodesmol\/wp-json\/wp\/v2\/comments?post=169"}],"version-history":[{"count":18,"href":"https:\/\/mmcbiotech.eu\/arthrodesmol\/wp-json\/wp\/v2\/pages\/169\/revisions"}],"predecessor-version":[{"id":398,"href":"https:\/\/mmcbiotech.eu\/arthrodesmol\/wp-json\/wp\/v2\/pages\/169\/revisions\/398"}],"wp:attachment":[{"href":"https:\/\/mmcbiotech.eu\/arthrodesmol\/wp-json\/wp\/v2\/media?parent=169"}],"curies":[{"name":"wp","href":"https:\/\/api.w.org\/{rel}","templated":true}]}}